s (1/(-3) - 500293/(-3)) + 380/76 prime?
False
Let l = 1336 - 688. Let z be 3*3031/(-42) + (-4)/8. Let d = z + l. Is d prime?
True
Let b(a) = a**3 + 19*a**2 + 18*a + 2. Let f be b(-18). Is -2*((-1559)/f + (-18)/(-6)) composite?
False
Suppose -90519 = -5*g - 3*r + 151143, 4*g = 3*r + 193335. Is g composite?
True
Suppose -10*k - 306 = -27*k. Is (5/(-3))/((-6)/k) - -3444 prime?
True
Let o(g) be the third derivative of -g**6/120 + g**5/12 - g**4/8 - 14*g**2. Let f be o(4). Suppose f*u - 2529 = 5*k, -u + k = u - 1263. Is u a composite number?
False
Let w = 14 + -8. Let g(n) be the second derivative of n**4/12 + 7*n**3/6 - 13*n**2/2 - 732*n. Is g(w) composite?
True
Let j(a) = 204*a + 2125. Is j(6) a prime number?
False
Let t = -420799 + 812012. Is t/134 + 3/2 a composite number?
True
Let n = -191 + 209. Suppose -10*f + n*f = 6296. Is f a composite number?
False
Let u = -1848 - -2693. Suppose -479 = -4*j + u. Is j a prime number?
True
Let l(b) = 5*b**3 - 88*b**2 + 50*b. Let o be l(37). Suppose 122387 = 10*x - o. Is x composite?
False
Suppose -24 = -4*t, -4*c + t + 1061902 = -776080. Is c a prime number?
False
Suppose -c = -5*s - 55036, 5*s = -242*c + 244*c - 110067. Is c a composite number?
True
Let a = 97 + -84. Suppose -8*w = -a*w + 15. Is w + ((-50)/(-30))/((-2)/(-1194)) composite?
True
Let y(l) = 1280*l**2 + 48*l - 81. Is y(5) prime?
True
Suppose 3 = -5*r - 2*b, -3*b - 4 = 4*r - 3. Let o(i) = -1731*i + 8. Is o(r) composite?
True
Let n(o) = 5*o + 36. Let q be n(-7). Let s be -605*(2 + q)/((-9)/6). Suppose -5*y - s = -l, 0 = -3*y + 5*y + 6. Is l a prime number?
False
Let q(j) = -7*j**2 + 23*j + 17. Let v(r) = 4*r**2 - 12*r - 9. Let l(u) = -3*q(u) - 5*v(u). Let b be l(6). Is (3/(-12) - -1) + (-3414)/b a composite number?
True
Let p = 91409 + 112538. Is p a prime number?
True
Is (-5 + 235202/11)*(3 - 2) composite?
False
Let d(j) be the second derivative of j**5/20 + 5*j**4/2 - 13*j**3/3 + 63*j**2/2 + 40*j. Is d(-22) a prime number?
True
Suppose -500*q + 419*q = -463638 - 3378273. Is q prime?
True
Suppose 2*u = j - 281507, 12*u = 3*j + 16*u - 844531. Is j a prime number?
True
Let p be 64/(-48)*(-9)/(-6). Is ((-175)/(-100))/(p/(-136)) prime?
False
Suppose 8*w = 4*w + 4*l + 70040, 0 = 4*w + 4*l - 70032. Is w composite?
False
Let t = 14640 - 8717. Is t a composite number?
False
Let l = 185 + -172. Is (-2)/l - 480438/(-234) a composite number?
False
Suppose -500*v + 4730583 = -461*v. Is v composite?
True
Let k(x) = 3174*x - 54. Let w be k(5). Suppose -4*o = -w - 18188. Is o a composite number?
False
Let k be (-2)/24*-4*102. Suppose -3*o + 5*w = k, 0 = -5*o - w - 9 - 1. Let x(h) = -14*h - 3. Is x(o) composite?
True
Let q be 1*((-333)/(-72) - 6/(-16)). Suppose 4*i - 1611 = -q*c, 245 = i + c - 159. Is i a prime number?
True
Suppose -13*g + 104679 = 5*o - 10*g, -2*o + 41859 = -3*g. Suppose 13*i = -5*i + o. Is i composite?
False
Let j(c) = 83*c**2 + 5*c + 18. Let f be j(7). Let z = 7269 - f. Is z prime?
False
Let t = -58 - -61. Suppose t*u + 15 = -u - 3*c, -20 = 4*c. Is 3 + (4 - -459) + u a composite number?
True
Let s = 1098 - 120. Let t = s - -695. Is t prime?
False
Suppose 0 = 5*b + 4*t - 10, 6*b = 7*b - 2*t - 16. Suppose 5*c - 7*c - b = 0, -5*y = 2*c - 34429. Is y prime?
False
Let c be 1/(-3) - 4*313900/(-12). Suppose r + c = 20*r. Is r prime?
True
Let k = 46974 - 29611. Is k prime?
False
Let j = 1126 + -2786. Let m = j - -2363. Is m prime?
False
Suppose -4*m = 3*y - 699, 3*y - 33 - 663 = -5*m. Suppose 2*c + 217 = x, 4*x = -2*c + x - y. Let r = c + 800. Is r a prime number?
False
Let f(m) = -5*m**2 + 9*m + 3. Let x(z) = -25*z**2 + 46*z + 16. Let l(w) = -11*f(w) + 2*x(w). Suppose -v + 13 = -5*i, 5*i + 5 = -5*v - 50. Is l(v) prime?
True
Let l(g) = 34469*g - 33. Let y be l(-2). Is (y/(-35) - -2) + 4/10 composite?
False
Let i(k) = 41*k**2 - 19*k + 14. Let x = 43 - 35. Let q be i(x). Suppose l - 2484 = -3*h - 2*h, 5*h = l + q. Is h composite?
True
Let x be 2/(-4)*4 - -5. Let t be (x - (-5 + 9)) + 1584/(-2). Let w = 86 - t. Is w a prime number?
False
Let t(w) = 3*w**2 + w - 4. Let s = -33 - -31. Let z be t(s). Suppose o + 970 = z*o. Is o a prime number?
False
Let p = 197909 + -126790. Is p a composite number?
False
Suppose 6270*x - 448096 = 6266*x + 3*i, -3*i = 5*x - 560147. Is x prime?
False
Suppose -38*v = -46*v + 67992. Let r = v + -236. Is r a composite number?
False
Suppose 33527608 + 8953736 = 192*t. Is t prime?
False
Let s = 7547 + 20504. Is s a prime number?
True
Let v(o) = -4483*o + 188. Is v(-27) composite?
False
Let z(q) be the first derivative of q**3/3 - 4*q**2 + 11*q + 8. Let u(s) = -13*s**2 + s + 2. Let x be u(-1). Is z(x) a prime number?
True
Suppose 20*i - 17388 = 19*i. Suppose -g - 8*g = -i. Let r = g + -871. Is r a prime number?
True
Let a(z) = 8*z**3 + 25*z**2 - 11*z - 57. Let w = -559 + 570. Is a(w) composite?
True
Let y = -661940 + 1116591. Is y a composite number?
True
Let w(g) = g**2 - 42*g - 36. Let p be (-2)/(6/372*4). Is w(p) a prime number?
False
Suppose -13*i - 195503 = -840849. Is i prime?
False
Let d be 0 + 3 - 8/2. Let u(n) = -3205*n**3 - 3*n**2 - n. Is u(d) a prime number?
True
Let p be 2/16 + 65215/8. Suppose 0 = -2*q - 4176 - p. Let a = q + 8983. Is a prime?
True
Let u(v) = -v**2 + 9*v - 11. Let n be u(6). Let x(d) = 18 - 2*d**2 + 7 - d - d**3 - 8*d**2 - n*d. Is x(-14) prime?
False
Let j = 212746 + 49059. Is j composite?
True
Let s(o) = -2*o**2 - 36*o + 4. Let t be s(-17). Suppose -t*a = -23*a - 258465. Is a composite?
False
Let d = 108074 - 65073. Is d a prime number?
False
Let j(z) be the first derivative of -z**6/40 + z**5/60 + 5*z**4/12 + 17*z**3/6 - 10*z**2 + 15. Let h(c) be the second derivative of j(c). Is h(-6) prime?
True
Let u be (-28)/(-6) - (-10)/(-15). Suppose c + 5*f = 3*c + 1, 3*c + u*f = -13. Is 22/c*(-690)/20 a composite number?
True
Let s = 273208 + -2408846. Is 6/(-14) - s/133 a composite number?
False
Let o(q) = 408*q**3 - 10*q**2 + 5*q + 8. Let f be o(6). Is 10/(-750)*-10 + f/30 a composite number?
False
Is 2620122/4*(1320/(-90))/(-22) a prime number?
True
Suppose 0 = 4*d + 2*l - 238186, 36*d - 3*l + 119099 = 38*d. Is d a prime number?
False
Let f be -1 - 711 - (-7 - -10). Let z = 1305 + f. Suppose -5*g + 5305 = z. Is g a composite number?
True
Suppose -23 = -6*g - 5. Let u be (8 - 32)*(-43)/g. Suppose u + 715 = 3*x. Is x a composite number?
False
Suppose -3*p = 5*u - 55, -5*p - 13 = -2*u - 53. Suppose 4*r + 2*h - 7 = 21, -5*r + 26 = -2*h. Suppose -p*q = -9*q - r. Is q a composite number?
True
Suppose -4*i = -5*d - 547977, -4*i + 43*d + 548026 = 45*d. Is i composite?
True
Let m be 8/2 + -1 + (-11 - -24). Suppose -2*a = -2*q - q - 826, -4*q = m. Is a prime?
False
Let p(u) = -19*u**3 + 11*u**3 + 98*u**2 + 9*u**3 + 21*u - 106*u**2 - 5. Is p(9) a prime number?
False
Suppose -4*g = -p + 4, -2*g + 92 = 3*p + 2*g. Suppose 3 = 21*d - p*d. Is (0 - 5) + 7 - 1719*d a composite number?
False
Let i be 1020/(-17)*3*(-1)/(-6). Is (-87)/(-4)*(-680)/i a composite number?
True
Is -2 - (3 + 1954)*(-56 + 1) composite?
True
Let h = 52 + -40. Is 8 - h - 4650/(-3 - -1) a composite number?
True
Let d = 13676 - 19981. Let l = 11136 + d. Is l a prime number?
True
Let c = -86 + 80. Is -1 - (c - (0 + 1268)) a composite number?
True
Let v(p) = -833*p - 4198. Is v(-45) a composite number?
False
Let f(z) = -109*z**2 + z - 22. Let b be f(-7). Let y = 7841 + b. Let v = y + -1252. Is v a prime number?
False
Let m = 178262 + -120696. Let w = m - -35355. Is w prime?
True
Let i(l) = 4*l + 18. Let z be i(-14). Let p = -23 - z. Suppose -2*y + 7*y + 820 = 5*n, 0 = 3*y - p. Is n a composite number?
True
Suppose 0 = -3*u + 2*y - 379866 - 298342, 0 = -4*u - 3*y - 904300. Let o be -1 + (-12)/(-9) + u/21. Let n = -3986 - o. Is n composite?
False
Let x(y) be the third derivative of -35*y**4/6 + 233*y**3/6 + 211*y**2. Is x(-7) a prime number?
True
Is (3 + (-1 - 9))*-236867 a prime number?
False
Let h(m) = 157518*m**2 - 31*m - 8. Is h(-1) a prime number?
False
Let c(p) = 247*p**2 - 19*p + 70. Let o be c(5). Let n = 14831 - o. Is n a composite number?
False
Let a(o) = 13430*o**3 - 11*o**2 + 2*o + 22. Is a(5) composite?
False
Let b(w) be the third derivative of w**5/20 - 4*w**4/3 - 5*w**3/6 - w**2 + 5. Is b(30) composite?
True
Let k(a) = 7 + 220*a**2 